{"id":3,"date":"2019-06-03T13:52:36","date_gmt":"2019-06-03T11:52:36","guid":{"rendered":"https:\/\/www.sambahamadou.fr\/patisserie\/?page_id=3"},"modified":"2021-03-15T11:39:30","modified_gmt":"2021-03-15T10:39:30","slug":"politique-de-confidentialite","status":"publish","type":"page","link":"https:\/\/www.sambahamadou.fr\/patisserie\/politique-de-confidentialite\/","title":{"rendered":"Politique de confidentialit\u00e9"},"content":{"rendered":"<p>[vc_row][vc_column][vc_column_text el_class=\u00a0\u00bbjustifier\u00a0\u00bb]<\/p>\n<h2>Mentions l\u00e9gales<\/h2>\n<p>Ce site www.sambahamadou.fr est la propri\u00e9t\u00e9 de la soci\u00e9t\u00e9 Samba Hamadou<\/p>\n<p>Raison sociale : Samba Hamadou<br \/>\nSARL au capital de 5000 \u20ac<br \/>\nSIRET : RCS 82953486600019<br \/>\nSi\u00e8ge social : <strong>Le Moulin de Pleyel<\/strong> &#8211; 9 Boulevard Ornano &#8211; 93200 Saint-Denis<br \/>\nT\u00e9l. +33 1 48 20 25 41<\/p>\n<p><strong>D\u00e9veloppement, Conception<\/strong><br \/>\nChristophe Cassegrain<br \/>\nSIRET : 401 715 859 00013<\/p>\n<p><strong>Design<\/strong><br \/>\nBS Communication<br \/>\nB\u00e9atrice Soriano<br \/>\n109 rue Rivay<br \/>\n92300 Levallois- Perret<br \/>\nSIRET : 800 436 263 00019<br \/>\nMaison des Artistes : S248840<br \/>\nT\u00e9l. +33 7 81 12 69 20<\/p>\n<p><strong>H\u00e9bergement<\/strong><br \/>\nOVH<br \/>\nSAS au capital de 10 059 500 \u20ac<br \/>\nRCS Lille M\u00e9tropole 424 761 419 00045<br \/>\nCode APE 6202A<br \/>\nN\u00b0 TVA : FR 22 424 761 419<br \/>\nSi\u00e8ge social : 2 rue Kellermann \u2013 59100 Roubaix \u2013 France.<\/p>\n<p><strong>Cr\u00e9dits photos<\/strong><br \/>\n\u00a9 cr\u00e9dits photos DR<\/p>\n<p>Vous disposez d\u2019un droit d\u2019acc\u00e8s aux informations qui vous concernent et vous pouvez les faire modifier ou supprimer. Il suffit de nous contacter par email samba.h@hotmail.fr ou par courrier \u00e0 l\u2019adresse ci-dessus.<\/p>\n<p><strong>DROIT D\u2019AUTEUR \u2013 DROITS DE REPRODUCTION<\/strong><br \/>\nL\u2019ensemble de ce site rel\u00e8ve de la l\u00e9gislation fran\u00e7aise et internationale sur le droit d\u2019auteur et la propri\u00e9t\u00e9 intellectuelle. Tous les droits de reproduction sont r\u00e9serv\u00e9s, y compris les repr\u00e9sentations iconographiques et photographiques. La reproduction de tout ou partie de ce site sur un support quel qu\u2019il soit, est formellement interdite sauf autorisation expresse de Samba Hamadou. La reproduction des textes sur un support papier est autoris\u00e9e, sous r\u00e9serve du respect des trois conditions suivantes : gratuit\u00e9 de la diffusion, respect de l\u2019int\u00e9grit\u00e9 des documents reproduits (pas de modification ni alt\u00e9ration), citation claire et lisible de la source sous la forme suivante : Document issu du site Internet https:\/\/www.sambahamadou.fr<br \/>\nLes droits de reproduction sont r\u00e9serv\u00e9s et strictement limit\u00e9s. Pour toute autre utilisation, veuillez nous consulter : 9 Boulevard Ornano &#8211; 93200 Saint-Denis<br \/>\nConfidentialit\u00e9s des courriers \u2013 informations relatives \u00e0 l\u2019envoi de courriers \u00e9lectroniques :<br \/>\nNous vous informons que le secret des correspondances transmises par le r\u00e9seau Internet n\u2019est pas garanti. Les courriers \u00e9lectroniques sont conserv\u00e9s sur support informatique le temps pour Samba Hamadou de les traiter.<\/p>\n<p><strong>ABSENCE DE GARANTIE<\/strong><br \/>\nSamba Hamadou s\u2019efforce de maintenir ce site \u00e0 jour.<br \/>\nN\u00e9anmoins, Samba Hamadou ne garantit ni l\u2019exactitude, ni le caract\u00e8re exhaustif des informations pr\u00e9sent\u00e9es sur ce site. Samba Hamadou ne pourra en aucun cas \u00eatre tenu responsable de tout dommage direct ou indirect, pouvant r\u00e9sulter de votre visite sur ce site Web ou associ\u00e9 \u00e0 celle-ci.<\/p>\n<p><strong>R.G.P.D. (R\u00e8glement G\u00e9n\u00e9ral sur la Protection des Donn\u00e9es)<\/strong><br \/>\nLe 25 mai 2018, entre en vigueur le r\u00e8glement 2016\/679 relatif \u00e0 la protection des personnes physiques \u00e0 l\u2019\u00e9gard du traitement des donn\u00e9es \u00e0 caract\u00e8re personnel et \u00e0 la libre circulation de ces donn\u00e9es, commun\u00e9ment appel\u00e9 RGPD (R\u00e8glement G\u00e9n\u00e9ral sur la Protection des Donn\u00e9es).<br \/>\nPour r\u00e9pondre, dans le cadre du RGPD, \u00e0 notre nouvelle obligation de transparence et de tra\u00e7abilit\u00e9, Samba Hamadou initie, dans le cadre de son activit\u00e9, la d\u00e9marche suivante :<br \/>\nNous recenserons d\u00e9sormais par \u00e9crit les instructions de tout client concernant les traitements de leurs donn\u00e9es afin de prouver l\u2019action \u00ab\u00a0sur instruction document\u00e9e du responsable de traitement\u00a0\u00bb.<br \/>\nNous demanderons \u00e9galement l\u2019autorisation \u00e9crite de tout client lors de l\u2019appel \u00e0 un sous-traitant et mettons \u00e0 disposition de celui-ci toutes les informations n\u00e9cessaires afin de d\u00e9montrer le respect de ses obligations et de permettre la r\u00e9alisation d\u2019audits.<\/p>\n<h2>CGU<\/h2>\n<p><strong>INFORMATION RELATIVE A NOS FORMULAIRES DE CONTACTS \/ DEMANDE DE DEVIS<\/strong><br \/>\nLes donn\u00e9es personnelles communiqu\u00e9es sont n\u00e9cessaires aux fins de vous contacter. Elles sont destin\u00e9es \u00e0 Samba Hamadou et ses sous-traitants. Vous disposez de droits d\u2019acc\u00e8s, de rectification, d\u2019effacement, de portabilit\u00e9, de limitation, d\u2019opposition, de retrait de votre consentement \u00e0 tout moment et du droit d\u2019introduire une r\u00e9clamation aupr\u00e8s d\u2019une autorit\u00e9 de contr\u00f4le, ainsi que d\u2019organiser le sort de vos donn\u00e9es post-mortem. Vous pouvez exercer ces droits par voie postale \u00e0 l&rsquo;adresse 9 Boulevard Ornano &#8211; 93200 Saint-Denis, ou par courrier \u00e9lectronique \u00e0 l&rsquo;adresse samba.h@hotmail.fr. Un justificatif d&rsquo;identit\u00e9 pourra vous \u00eatre demand\u00e9. Nous conservons vos donn\u00e9es pendant la p\u00e9riode de prise de contact puis pendant la dur\u00e9e de prescription l\u00e9gale aux fins probatoire et de gestion des contentieux.<\/p>\n<p><strong>PROTECTION DE LA VIE PRIVEE<\/strong><br \/>\nNous nous r\u00e9servons le droit de modifier \u00e0 tout moment la pr\u00e9sente page. Nous vous invitons par cons\u00e9quent \u00e0 la consulter r\u00e9guli\u00e8rement afin de vous informer de ses \u00e9volutions.<br \/>\n1. Identit\u00e9 du responsable du traitement<br \/>\nLes donn\u00e9es personnelles sont collect\u00e9es par Samba Hamadou tel qu\u2019identifi\u00e9 dans les mentions l\u00e9gales. Les traitements relatifs \u00e0 vos donn\u00e9es personnelles<br \/>\n2. Les traitements relatifs \u00e0 vos donn\u00e9es personnelles<br \/>\nNotre site ne demande pas d&rsquo;enregistrement nominatif \u00e0 ses visiteurs et ne proc\u00e8de \u00e0 aucun enregistrement nominatif pour la simple consultation de ses pages.<br \/>\nCependant, dans certains cas (formulaire de contact, fonctionnalit\u00e9s de partage et modules sociaux, rubrique cr\u00e9ation de compte, paiement en ligne&#8230;), vous pouvez \u00eatre invit\u00e9 \u00e0 laisser des donn\u00e9es personnelles (noms, pr\u00e9noms, num\u00e9ros de t\u00e9l\u00e9phones, adresses postales, adresse \u00e9lectronique\u2026). Le caract\u00e8re obligatoire ou facultatif des donn\u00e9es vous est signal\u00e9 lors de la collecte par un ast\u00e9risque.<br \/>\nLe cas \u00e9ch\u00e9ant, le formulaire de collecte pourra \u00eatre accompagn\u00e9 d&rsquo;une case \u00e0 cocher vous permettant d&rsquo;accepter ou de refuser que vos donn\u00e9es soient utilis\u00e9es \u00e0 des fins commerciales pour le compte de tiers, et\/ou c\u00e9d\u00e9es \u00e0 des tiers.<br \/>\nNous ne collectons aucune donn\u00e9e sensible, \u00e0 savoir aucune donn\u00e9e relative \u00e0 vos origines raciales ou ethniques, \u00e0 vos opinions politiques, philosophiques ou religieuses ou votre appartenance syndicale, ou qui sont relatives \u00e0 votre sant\u00e9 ou votre vie sexuelle.<br \/>\nPar ailleurs, lors de la consultation de notre site web et de l\u2019utilisation de nos services, nous sommes amen\u00e9s \u00e0 collecter et traiter des donn\u00e9es relatives \u00e0 votre navigation (notamment les cookies, et les pages que vous avez consult\u00e9es), et \u00e0 votre terminal (type de navigateur utilis\u00e9, mod\u00e8le et version de votre syst\u00e8me d\u2019exploitation, r\u00e9solution de votre \u00e9cran, pr\u00e9sence de certains plug-ins, &#8230;). Ces donn\u00e9es seront utilis\u00e9es d\u2019une part pour adapter nos contenus et services \u00e0 vos besoins, et d\u2019autre part pour r\u00e9aliser des statistiques d\u2019utilisation de nos services afin de les rendre plus pertinents.<br \/>\nAvec votre consentement, nous r\u00e9aliserons \u00e9galement une g\u00e9olocalisation approximative de votre ville d\u2019origine \u00e0 partir de votre adresse IP<\/p>\n<p><strong>DUREE DE CONSERVATION<\/strong><br \/>\nVos donn\u00e9es utilisateurs sont conserv\u00e9es pendant une p\u00e9riode de 3 ans apr\u00e8s la derni\u00e8re trace d\u2019activit\u00e9 sur votre compte.<br \/>\nVos donn\u00e9es de contact sont conserv\u00e9es pendant la p\u00e9riode de prise de contact ainsi que pendant la dur\u00e9e n\u00e9cessaire \u00e0 des fins probatoires et de gestion des contentieux.<br \/>\nSi vous avez consenti \u00e0 l\u2019envoi de newsletters et mails d\u2019information, vos donn\u00e9es seront conserv\u00e9es pendant 3 ans \u00e0 compter de la derni\u00e8re prise de contact. Les donn\u00e9es relatives aux commandes et aux paiements sont conserv\u00e9es pendant la p\u00e9riode n\u00e9cessaire \u00e0 l\u2019ex\u00e9cution de la transaction ainsi que pendant la dur\u00e9e n\u00e9cessaire \u00e0 des fins probatoire et de gestion des contentieux.<\/p>\n<p><strong>VOS DROITS<\/strong><br \/>\nConform\u00e9ment \u00e0 la loi Informatique et Libert\u00e9s du 6 janvier 1978 modifi\u00e9e, vous disposez de droits d\u2019acc\u00e8s, de rectification, d\u2019effacement, d\u2019opposition au ou de limitation du traitement de vos donn\u00e9es, de retrait de votre consentement.<br \/>\nVous pouvez \u00e9galement demander la rectification ou la suppression de vos donn\u00e9es en parution sur nos supports ou vous opposer \u00e0 leur communication \u00e0 des partenaires aux fins d\u2019\u00e9ditions d\u2019annuaires.<br \/>\nVous pouvez enfin donner des directives \u00e0 notre groupe concernant l\u2019utilisation de vos donn\u00e9es apr\u00e8s votre d\u00e9c\u00e8s.[\/vc_column_text][\/vc_column][\/vc_row]<\/p>\n","protected":false},"excerpt":{"rendered":"<p>[vc_row][vc_column][vc_column_text el_class=\u00a0\u00bbjustifier\u00a0\u00bb] Mentions l\u00e9gales Ce site www.sambahamadou.fr est la propri\u00e9t\u00e9 de la soci\u00e9t\u00e9 Samba Hamadou Raison sociale : Samba Hamadou SARL au capital de 5000 \u20ac SIRET : RCS 82953486600019 Si\u00e8ge social : Le Moulin de Pleyel &#8211; 9 Boulevard Ornano &#8211; 93200 Saint-Denis T\u00e9l. +33 1 48 20 25 41 D\u00e9veloppement, Conception Christophe Cassegrain [&hellip;]<\/p>\n","protected":false},"author":1,"featured_media":0,"parent":0,"menu_order":0,"comment_status":"closed","ping_status":"closed","template":"","meta":[],"yoast_head":"<!-- This site is optimized with the Yoast SEO plugin v16.0.2 - https:\/\/yoast.com\/wordpress\/plugins\/seo\/ -->\n<title>Politique de confidentialit\u00e9 - Samba Hamadou<\/title>\n<link rel=\"canonical\" href=\"https:\/\/www.sambahamadou.fr\/patisserie\/politique-de-confidentialite\/\" \/>\n<meta property=\"og:locale\" content=\"fr_FR\" \/>\n<meta property=\"og:type\" content=\"article\" \/>\n<meta property=\"og:title\" content=\"Politique de confidentialit\u00e9 - Samba Hamadou\" \/>\n<meta property=\"og:description\" content=\"[vc_row][vc_column][vc_column_text el_class=\u00a0\u00bbjustifier\u00a0\u00bb] Mentions l\u00e9gales Ce site www.sambahamadou.fr est la propri\u00e9t\u00e9 de la soci\u00e9t\u00e9 Samba Hamadou Raison sociale : Samba Hamadou SARL au capital de 5000 \u20ac SIRET : RCS 82953486600019 Si\u00e8ge social : Le Moulin de Pleyel &#8211; 9 Boulevard Ornano &#8211; 93200 Saint-Denis T\u00e9l. +33 1 48 20 25 41 D\u00e9veloppement, Conception Christophe Cassegrain [&hellip;]\" \/>\n<meta property=\"og:url\" content=\"https:\/\/www.sambahamadou.fr\/patisserie\/politique-de-confidentialite\/\" \/>\n<meta property=\"og:site_name\" content=\"Samba Hamadou\" \/>\n<meta property=\"article:modified_time\" content=\"2021-03-15T10:39:30+00:00\" \/>\n<meta name=\"twitter:card\" content=\"summary_large_image\" \/>\n<meta name=\"twitter:label1\" content=\"Dur\u00e9e de lecture est.\">\n\t<meta name=\"twitter:data1\" content=\"6 minutes\">\n<script type=\"application\/ld+json\" class=\"yoast-schema-graph\">{\"@context\":\"https:\/\/schema.org\",\"@graph\":[{\"@type\":\"WebSite\",\"@id\":\"https:\/\/www.sambahamadou.fr\/patisserie\/#website\",\"url\":\"https:\/\/www.sambahamadou.fr\/patisserie\/\",\"name\":\"Samba Hamadou\",\"description\":\"Boulanger p\\u00e2tissier artisan cr\\u00e9ateur\",\"potentialAction\":[{\"@type\":\"SearchAction\",\"target\":\"https:\/\/www.sambahamadou.fr\/patisserie\/?s={search_term_string}\",\"query-input\":\"required name=search_term_string\"}],\"inLanguage\":\"fr-FR\"},{\"@type\":\"WebPage\",\"@id\":\"https:\/\/www.sambahamadou.fr\/patisserie\/politique-de-confidentialite\/#webpage\",\"url\":\"https:\/\/www.sambahamadou.fr\/patisserie\/politique-de-confidentialite\/\",\"name\":\"Politique de confidentialit\\u00e9 - Samba Hamadou\",\"isPartOf\":{\"@id\":\"https:\/\/www.sambahamadou.fr\/patisserie\/#website\"},\"datePublished\":\"2019-06-03T11:52:36+00:00\",\"dateModified\":\"2021-03-15T10:39:30+00:00\",\"breadcrumb\":{\"@id\":\"https:\/\/www.sambahamadou.fr\/patisserie\/politique-de-confidentialite\/#breadcrumb\"},\"inLanguage\":\"fr-FR\",\"potentialAction\":[{\"@type\":\"ReadAction\",\"target\":[\"https:\/\/www.sambahamadou.fr\/patisserie\/politique-de-confidentialite\/\"]}]},{\"@type\":\"BreadcrumbList\",\"@id\":\"https:\/\/www.sambahamadou.fr\/patisserie\/politique-de-confidentialite\/#breadcrumb\",\"itemListElement\":[{\"@type\":\"ListItem\",\"position\":1,\"item\":{\"@type\":\"WebPage\",\"@id\":\"https:\/\/www.sambahamadou.fr\/patisserie\/\",\"url\":\"https:\/\/www.sambahamadou.fr\/patisserie\/\",\"name\":\"Accueil\"}},{\"@type\":\"ListItem\",\"position\":2,\"item\":{\"@type\":\"WebPage\",\"@id\":\"https:\/\/www.sambahamadou.fr\/patisserie\/politique-de-confidentialite\/\",\"url\":\"https:\/\/www.sambahamadou.fr\/patisserie\/politique-de-confidentialite\/\",\"name\":\"Politique de confidentialit\\u00e9\"}}]}]}<\/script>\n<!-- \/ Yoast SEO plugin. -->","_links":{"self":[{"href":"https:\/\/www.sambahamadou.fr\/patisserie\/wp-json\/wp\/v2\/pages\/3"}],"collection":[{"href":"https:\/\/www.sambahamadou.fr\/patisserie\/wp-json\/wp\/v2\/pages"}],"about":[{"href":"https:\/\/www.sambahamadou.fr\/patisserie\/wp-json\/wp\/v2\/types\/page"}],"author":[{"embeddable":true,"href":"https:\/\/www.sambahamadou.fr\/patisserie\/wp-json\/wp\/v2\/users\/1"}],"replies":[{"embeddable":true,"href":"https:\/\/www.sambahamadou.fr\/patisserie\/wp-json\/wp\/v2\/comments?post=3"}],"version-history":[{"count":16,"href":"https:\/\/www.sambahamadou.fr\/patisserie\/wp-json\/wp\/v2\/pages\/3\/revisions"}],"predecessor-version":[{"id":995,"href":"https:\/\/www.sambahamadou.fr\/patisserie\/wp-json\/wp\/v2\/pages\/3\/revisions\/995"}],"wp:attachment":[{"href":"https:\/\/www.sambahamadou.fr\/patisserie\/wp-json\/wp\/v2\/media?parent=3"}],"curies":[{"name":"wp","href":"https:\/\/api.w.org\/{rel}","templated":true}]}}