{"id":295,"date":"2018-04-24T22:21:28","date_gmt":"2018-04-24T22:21:28","guid":{"rendered":"https:\/\/www.sambahamadou.fr\/patisserie\/contact\/"},"modified":"2020-10-20T10:48:42","modified_gmt":"2020-10-20T08:48:42","slug":"contact","status":"publish","type":"page","link":"https:\/\/www.sambahamadou.fr\/patisserie\/contact\/","title":{"rendered":"Contact"},"content":{"rendered":"<p>[vc_section][vc_row][vc_column]<div class=\"wpb_content_element \"><style type=\"text\/css\">#ut_header_69ddf71a3376c.pt-style-2 .page-title span:after, #ut_header_69ddf71a3376c.pt-style-2 .parallax-title span:after, #ut_header_69ddf71a3376c.pt-style-2 .section-title span:after {background-color:!important;height: ;width: ;}<\/style><header id=\"ut_header_69ddf71a3376c\" class=\"section-header ut-no-title-linebreak-mobile ut-no-lead-linebreak-mobile pt-style-2 header-left header-tablet-left header-mobile-center element-with-custom-line-height\"><div class=\"element-with-custom-line-height\" ><h2 data-title=\"Nous contacter\"  class=\"section-title  \"><span>Nous contacter<\/span><\/h2><\/div><\/header><\/div>[\/vc_column][\/vc_row][vc_row][vc_column width=\u00a0\u00bb1\/2&Prime;][vc_raw_html]JTNDZGl2JTIwaWQlM0QlMjJtYXAtY2FudmFzJTIyJTNFbWFwJTNDJTJGZGl2JTNF[\/vc_raw_html]<div class=\"wpb_content_element \"><style class=\"bklyn-inline-styles\" type=\"text\/css\">#ut_sf_69ddf71a33c9d li a i { color: #151515; }#ut_sf_69ddf71a33c9d li a:hover i { color: rgba(21,21,21,0.5); }#ut_sf_69ddf71a33c9d li a:focus i { color: rgba(21,21,21,0.5); }#ut_sf_69ddf71a33c9d { font-size: 20px; }<\/style><ul id=\"ut_sf_69ddf71a33c9d\" class=\"ut-social-follow-module  ut-social-follow-module-center ut-social-follow-module-tablet-center ut-social-follow-module-mobile-center ut-social-follow-module-20\" data-settings=\"{&quot;animate&quot;:false,&quot;effect&quot;:&quot;&quot;,&quot;delay_animation&quot;:false,&quot;global_delay_animation&quot;:false,&quot;delay_timer&quot;:100,&quot;global_delay_timer&quot;:100}\"><li  class=\"ut-social-follow-0 ut-social-follow-icon-only \"><a class=\"ut-social-follow-link\" title=\"\" href=\"https:\/\/www.instagram.com\/boulangeriesambahamadou\/\" target=\" _blank\" ><i class=\"fa fa-instagram\"><\/i><\/a><\/li><li  class=\"ut-social-follow-1 ut-social-follow-icon-only \"><a class=\"ut-social-follow-link\" title=\"\" href=\"https:\/\/www.facebook.com\/profile.php?id=506431604\" target=\" _blank\" ><i class=\"fa fa-facebook\"><\/i><\/a><\/li><\/ul><\/div>[\/vc_column][vc_column width=\u00a0\u00bb1\/2&Prime;]<div id=\"ut_cf7_colors_69ddf71a33d28\" class=\"wpb_content_element  \"><div role=\"form\" class=\"wpcf7\" id=\"wpcf7-f8-o1\" lang=\"fr-FR\" dir=\"ltr\">\n<div class=\"screen-reader-response\"><p role=\"status\" aria-live=\"polite\" aria-atomic=\"true\"><\/p> <ul><\/ul><\/div>\n<form action=\"\/patisserie\/wp-json\/wp\/v2\/pages\/295#wpcf7-f8-o1\" method=\"post\" class=\"wpcf7-form init\" novalidate=\"novalidate\" data-status=\"init\">\n<div style=\"display: none;\">\n<input type=\"hidden\" name=\"_wpcf7\" value=\"8\" \/>\n<input type=\"hidden\" name=\"_wpcf7_version\" value=\"5.4\" \/>\n<input type=\"hidden\" name=\"_wpcf7_locale\" value=\"fr_FR\" \/>\n<input type=\"hidden\" name=\"_wpcf7_unit_tag\" value=\"wpcf7-f8-o1\" \/>\n<input type=\"hidden\" name=\"_wpcf7_container_post\" value=\"0\" \/>\n<input type=\"hidden\" name=\"_wpcf7_posted_data_hash\" value=\"\" \/>\n<input type=\"hidden\" name=\"_wpcf7_recaptcha_response\" value=\"\" \/>\n<\/div>\n<p><label> Pour quelle boulangerie souhaitez-vous effectuer une demande ? (obligatoire)<br \/>\n    <span class=\"wpcf7-form-control-wrap your-site\"><select name=\"your-site\" class=\"wpcf7-form-control wpcf7-select wpcf7-validates-as-required\" aria-required=\"true\" aria-invalid=\"false\"><option value=\"\">---<\/option><option value=\"Le Moulin de Pleyel\">Le Moulin de Pleyel<\/option><option value=\"Le Moulin de Montrouge\">Le Moulin de Montrouge<\/option><option value=\"Le Moulin de Levallois\">Le Moulin de Levallois<\/option><option value=\"Le Moulin de F\u00e9lix Faure\">Le Moulin de F\u00e9lix Faure<\/option><\/select><\/span><\/p>\n<p><label> Votre nom (obligatoire)<br \/>\n    <span class=\"wpcf7-form-control-wrap your-name\"><input type=\"text\" name=\"your-name\" value=\"\" size=\"40\" class=\"wpcf7-form-control wpcf7-text wpcf7-validates-as-required\" aria-required=\"true\" aria-invalid=\"false\" \/><\/span> <\/label><\/p>\n<p><label> Votre adresse de messagerie (obligatoire)<br \/>\n    <span class=\"wpcf7-form-control-wrap your-email\"><input type=\"email\" name=\"your-email\" value=\"\" size=\"40\" class=\"wpcf7-form-control wpcf7-text wpcf7-email wpcf7-validates-as-required wpcf7-validates-as-email\" aria-required=\"true\" aria-invalid=\"false\" \/><\/span> <\/label><\/p>\n<p><label> Votre t\u00e9l\u00e9phone (obligatoire)<br \/>\n    <span class=\"wpcf7-form-control-wrap your-phone\"><input type=\"text\" name=\"your-phone\" value=\"\" size=\"40\" class=\"wpcf7-form-control wpcf7-text wpcf7-validates-as-required\" aria-required=\"true\" aria-invalid=\"false\" \/><\/span> <\/label><\/p>\n<p><label> Objet (obligatoire)<br \/>\n    <span class=\"wpcf7-form-control-wrap your-subject\"><input type=\"text\" name=\"your-subject\" value=\"\" size=\"40\" class=\"wpcf7-form-control wpcf7-text wpcf7-validates-as-required\" aria-required=\"true\" aria-invalid=\"false\" \/><\/span> <\/label><\/p>\n<p><label> Votre message<br \/>\n    <span class=\"wpcf7-form-control-wrap your-message\"><textarea name=\"your-message\" cols=\"40\" rows=\"10\" class=\"wpcf7-form-control wpcf7-textarea\" aria-invalid=\"false\"><\/textarea><\/span> <\/label><\/p>\n<p><input type=\"submit\" value=\"Envoyer\" class=\"wpcf7-form-control wpcf7-submit\" \/><\/p>\n<div class=\"wpcf7-response-output\" aria-hidden=\"true\"><\/div><\/form><\/div><\/div>[\/vc_column][\/vc_row][\/vc_section]<\/p>\n","protected":false},"excerpt":{"rendered":"<p>[vc_section][vc_row][vc_column][\/vc_column][\/vc_row][vc_row][vc_column width=\u00a0\u00bb1\/2&Prime;][vc_raw_html]JTNDZGl2JTIwaWQlM0QlMjJtYXAtY2FudmFzJTIyJTNFbWFwJTNDJTJGZGl2JTNF[\/vc_raw_html][\/vc_column][vc_column width=\u00a0\u00bb1\/2&Prime;][\/vc_column][\/vc_row][\/vc_section]<\/p>\n","protected":false},"author":1,"featured_media":0,"parent":0,"menu_order":0,"comment_status":"closed","ping_status":"closed","template":"","meta":[],"yoast_head":"<!-- This site is optimized with the Yoast SEO plugin v16.0.2 - https:\/\/yoast.com\/wordpress\/plugins\/seo\/ -->\n<title>Contact - Samba Hamadou<\/title>\n<meta name=\"description\" content=\"Une rencontre a chang\u00e9 sa vie, celle du chef Philippe Renou de la Maison Gosselin qui lui a inculqu\u00e9 les valeurs du travail bien fait et son amour pour ce beau m\u00e9tier.\" \/>\n<link rel=\"canonical\" href=\"https:\/\/www.sambahamadou.fr\/patisserie\/contact\/\" \/>\n<meta property=\"og:locale\" content=\"fr_FR\" \/>\n<meta property=\"og:type\" content=\"article\" \/>\n<meta property=\"og:title\" content=\"Contact - Samba Hamadou\" \/>\n<meta property=\"og:description\" content=\"Une rencontre a chang\u00e9 sa vie, celle du chef Philippe Renou de la Maison Gosselin qui lui a inculqu\u00e9 les valeurs du travail bien fait et son amour pour ce beau m\u00e9tier.\" \/>\n<meta property=\"og:url\" content=\"https:\/\/www.sambahamadou.fr\/patisserie\/contact\/\" \/>\n<meta property=\"og:site_name\" content=\"Samba Hamadou\" \/>\n<meta property=\"article:modified_time\" content=\"2020-10-20T08:48:42+00:00\" \/>\n<meta name=\"twitter:card\" content=\"summary_large_image\" \/>\n<meta name=\"twitter:label1\" content=\"Dur\u00e9e de lecture est.\">\n\t<meta name=\"twitter:data1\" content=\"1 minute\">\n<script type=\"application\/ld+json\" class=\"yoast-schema-graph\">{\"@context\":\"https:\/\/schema.org\",\"@graph\":[{\"@type\":\"WebSite\",\"@id\":\"https:\/\/www.sambahamadou.fr\/patisserie\/#website\",\"url\":\"https:\/\/www.sambahamadou.fr\/patisserie\/\",\"name\":\"Samba Hamadou\",\"description\":\"Boulanger p\\u00e2tissier artisan cr\\u00e9ateur\",\"potentialAction\":[{\"@type\":\"SearchAction\",\"target\":\"https:\/\/www.sambahamadou.fr\/patisserie\/?s={search_term_string}\",\"query-input\":\"required name=search_term_string\"}],\"inLanguage\":\"fr-FR\"},{\"@type\":\"WebPage\",\"@id\":\"https:\/\/www.sambahamadou.fr\/patisserie\/contact\/#webpage\",\"url\":\"https:\/\/www.sambahamadou.fr\/patisserie\/contact\/\",\"name\":\"Contact - Samba Hamadou\",\"isPartOf\":{\"@id\":\"https:\/\/www.sambahamadou.fr\/patisserie\/#website\"},\"datePublished\":\"2018-04-24T22:21:28+00:00\",\"dateModified\":\"2020-10-20T08:48:42+00:00\",\"description\":\"Une rencontre a chang\\u00e9 sa vie, celle du chef Philippe Renou de la Maison Gosselin qui lui a inculqu\\u00e9 les valeurs du travail bien fait et son amour pour ce beau m\\u00e9tier.\",\"breadcrumb\":{\"@id\":\"https:\/\/www.sambahamadou.fr\/patisserie\/contact\/#breadcrumb\"},\"inLanguage\":\"fr-FR\",\"potentialAction\":[{\"@type\":\"ReadAction\",\"target\":[\"https:\/\/www.sambahamadou.fr\/patisserie\/contact\/\"]}]},{\"@type\":\"BreadcrumbList\",\"@id\":\"https:\/\/www.sambahamadou.fr\/patisserie\/contact\/#breadcrumb\",\"itemListElement\":[{\"@type\":\"ListItem\",\"position\":1,\"item\":{\"@type\":\"WebPage\",\"@id\":\"https:\/\/www.sambahamadou.fr\/patisserie\/\",\"url\":\"https:\/\/www.sambahamadou.fr\/patisserie\/\",\"name\":\"Accueil\"}},{\"@type\":\"ListItem\",\"position\":2,\"item\":{\"@type\":\"WebPage\",\"@id\":\"https:\/\/www.sambahamadou.fr\/patisserie\/contact\/\",\"url\":\"https:\/\/www.sambahamadou.fr\/patisserie\/contact\/\",\"name\":\"Contact\"}}]}]}<\/script>\n<!-- \/ Yoast SEO plugin. -->","_links":{"self":[{"href":"https:\/\/www.sambahamadou.fr\/patisserie\/wp-json\/wp\/v2\/pages\/295"}],"collection":[{"href":"https:\/\/www.sambahamadou.fr\/patisserie\/wp-json\/wp\/v2\/pages"}],"about":[{"href":"https:\/\/www.sambahamadou.fr\/patisserie\/wp-json\/wp\/v2\/types\/page"}],"author":[{"embeddable":true,"href":"https:\/\/www.sambahamadou.fr\/patisserie\/wp-json\/wp\/v2\/users\/1"}],"replies":[{"embeddable":true,"href":"https:\/\/www.sambahamadou.fr\/patisserie\/wp-json\/wp\/v2\/comments?post=295"}],"version-history":[{"count":23,"href":"https:\/\/www.sambahamadou.fr\/patisserie\/wp-json\/wp\/v2\/pages\/295\/revisions"}],"predecessor-version":[{"id":970,"href":"https:\/\/www.sambahamadou.fr\/patisserie\/wp-json\/wp\/v2\/pages\/295\/revisions\/970"}],"wp:attachment":[{"href":"https:\/\/www.sambahamadou.fr\/patisserie\/wp-json\/wp\/v2\/media?parent=295"}],"curies":[{"name":"wp","href":"https:\/\/api.w.org\/{rel}","templated":true}]}}